21?
4
What is the thousands digit of 386268?
6
What is the hundreds digit of 243267?
2
What is the units digit of 12441236?
6
What is the hundred thousands digit of 555827?
5
What is the units digit of 4541071?
1
What is the ten millions digit of 15275979?
1
What is the millions digit of 4850976?
4
What is the units digit of 11665085?
5
What is the tens digit of 1853038?
3
What is the tens digit of 291144?
4
What is the thousands digit of 3548?
3
What is the hundred thousands digit of 2486955?
4
What is the units digit of 22674073?
3
What is the hundred thousands digit of 584962?
5
What is the ten thousands digit of 8129055?
2
What is the thousands digit of 456402?
6
What is the hundreds digit of 6291282?
2
What is the hundred thousands digit of 128819?
1
What is the ten thousands digit of 771478?
7
What is the thousands digit of 23855291?
5
What is the ten thousands digit of 601228?
0
What is the tens digit of 179258?
5
What is the units digit of 376236?
6
What is the tens digit of 888360?
6
What is the thousands digit of 706651?
6
What is the millions digit of 3898393?
3
What is the units digit of 1177507?
7
What is the tens digit of 3572564?
6
What is the thousands digit of 203613?
3
What is the thousands digit of 4978952?
8
What is the units digit of 54978?
8
What is the thousands digit of 227535?
7
What is the thousands digit of 57857?
7
What is the thousands digit of 11157337?
7
What is the hundred thousands digit of 15526194?
5
What is the units digit of 6848867?
7
What is the units digit of 2030855?
5
What is the hundreds digit of 425141?
1
What is the units digit of 3247769?
9
What is the hundred thousands digit of 3106912?
1
What is the hundreds digit of 8500487?
4
What is the thousands digit of 5882675?
2
What is the thousands digit of 2096287?
6
What is the hundred thousands digit of 3444369?
4
What is the thousands digit of 19234811?
4
What is the millions digit of 1009725?
1
What is the thousands digit of 204276?
4
What is the thousands digit of 171071?
1
What is the units digit of 11748533?
3
What is the hundreds digit of 98312?
3
What is the hundreds digit of 1337366?
3
What is the hundreds digit of 21344406?
4
What is the units digit of 5396196?
6
What is the hundreds digit of 8064739?
7
What is the tens digit of 19471161?
6
What is the millions digit of 13306999?
3
What is the units digit of 2094486?
6
What is the hundreds digit of 277637?
6
What is the ten thousands digit of 3046280?
4
What is the ten thousands digit of 1277817?
7
What is the millions digit of 1151599?
1
What is the millions digit of 2383871?
2
What is the ten thousands digit of 1263439?
6
What is the units digit of 1068273?
3
What is the thousands digit of 296652?
6
What is the tens digit of 19506679?
7
What is the hundred thousands digit of 1494863?
4
What is the hundred thousands digit of 2520090?
5
What is the thousands digit of 695732?
5
What is the thousands digit of 2444711?
4
What is the millions digit of 1483754?
1
What is the hundreds digit of 148752?
7
What is the hundred thousands digit of 143705?
1
What is the ten millions digit of 26461133?
2
What is the tens digit of 3240827?
2
What is the tens digit of 5679057?
5
What is the hundreds digit of 1888729?
7
What is the units digit of 8537783?
3
What is the hundreds digit of 1994477?
4
What is the ten thousands digit of 138819?
3
What is the units digit of 284845?
5
What is the ten thousands digit of 3994658?
9
What is the hundreds digit of 3077470?
4
What is the tens digit of 12486470?
7
What is the units digit of 384003?
3
What is the tens digit of 6719750?
5
What is the hundreds digit of 4939215?
2
What is the millions digit of 7287077?
7
What is the ten thousands digit of 933802?
3
What is the millions digit of 1437545?
1
What is the thousands digit of 4388284?
8
What is the hundreds digit of 383698?
6
What is the thousands digit of 500636?
0
What is the millions digit of 5126681?
5
What is the units digit of 34147706?
6
What is the units digit of 217115?
5
What is the ten thousands digit of 1308094?
0
What is the ten thousands digit of 67856?
6
What is the ten thousands digit of 181166?
8
What is the hundred thousands digit of 5242528?
2
What is the units digit of 1917100?
0
What is the thousands digit of 485726?
5
What is the units digit of 17288172?
2
What is the ten thousands digit of 6843573?
4
What is the hundred thousands digit of 5230376?
2
What is the hundred thousands digit of 124381?
1
What is the hundreds digit of 345816?
8
What is the hundred thousands digit of 7303481?
3
What is the tens digit of 173157?
5
What is the hundreds digit of 96080?
0
What is the thousands digit of 815189?
5
What is the units digit of 6107481?
1
What is the units digit of 163914?
4
What is the millions digit of 19069638?
9
What is the units digit of 278891?
1
What is the units digit of 3301764?
4
What is the ten thousands digit of 95252?
9
What is the ten thousands digit of 1588249?
8
What is the tens digit of 8207307?
0
What is the units digit of 1638?
8
What is the tens digit of 2944544?
4
What is the hundreds digit of 225478?
4
What is the tens digit of 127298?
9
What is the units digit of 1005557?
7
What is the hundreds digit of 23190734?
7
What is the thousands digit of 65253?
5
What is the units digit of 221619?
9
What is the ten thousands digit of 2054516?
5
What is the hundreds digit of 22141976?
9
What is the ten thousands digit of 103423?
0
What is the tens digit of 258723?
2
What is the tens digit of 12307373?
7
What is the units digit of 1922062?
2
What is the hundred thousands digit of 5542367?
5
What is the tens digit of 10407904?
0
What is the hundreds digit of 9746846?
8
What is the millions digit of 18713117?
8
What is the hundred thousands digit of 503327?
5
What is the hundred thousands digit of 6911593?
9
What is the ten thousands digit of 13614782?
1
What is the tens digit of 139502?
0
What is the ten thousands digit of 220437?
2
What is the tens digit of 1761979?
7
What is the ten thousands digit of 1613160?
1
What is the units digit of 4415249?
9
What is the hundreds digit of 357002?
0
What is the ten thousands digit of 624180?
2
What is the hundred thousands digit of 366012?
3
What is the units digit of 114194?
4
What is the thousands digit of 1429172?
9
What is the millions digit of 4911545?
4
What is the hundreds digit of 3870438?
4
What is the tens digit of 22400531?
3
What is the thousands digit of 388563?
8
What is the ten thousands digit of 2345033?
4
What is the units digit of 5929202?
2
What is the thousands digit of 26491922?
1
What is the hundreds digit of 1244298?
2
What is the tens digit of 211530?
3
What is the tens digit of 8409146?
4
What is the hundreds digit of 12606438?
4
What is the hundreds digit of 9456862?
8
What is the hundred thousands digit of 3044545?
0
What is the thousands digit of 2575499?
5
What is the thousands digit of 131141?
1
What is the units digit of 4656649?
9
What is the units digit of 253786?
6
What is the ten thousands digit of 409851?
0
What is the ten thousands digit of 98693?
9
What is the millions digit of 2299166?
2
What is the hundreds digit of 571877?
8
What is the hundreds digit of 350699?
6
What is the units digit of 1063808?
8
What is the units digit of 3900514?
4
What is the tens digit of 129777?
7
What is the hundreds digit of 756551?
5
What is the hundreds digit of 5159944?
9
What is the hundreds digit of 11531447?
4
What is the hundreds digit of 285885?
8
What is the millions digit of 33500228?
3
What is the units digit of 9149267?
7
What is the hundred thousands digit of 101376?
1
What is the thousands digit of 54558?
4
What is the hundred thousands digit of 6613712?
6
What is the units digit of 1839338?
8
What is the units digit of 1489474?
4
What is the thousands digit of 23237994?
7
What is the units digit of 99766?
6
What is the units digit of 5473869?
9
What is the ten thousands digit of 6691369?
9
What is the hundreds digit of 312049?
0
What is the ten thousands digit of 85422?
8
What is the units digit of 7587998?
8
What is the tens digit of 5736767?
6
What is the thousands digit of 370683?
0
What is the ten millions digit of 13837882?
1
What is the hundreds digit of 622412?
4
What is the tens digit of 173355?
5
